 428. Give c(15).
22
Let q(g) = -16*g**2 - 12*g + 20. Calculate q(3).
-160
Let z(a) = 2*a**3 + 231*a**2 + 565*a + 72. What is z(-113)?
72
Let g(t) = -144*t**3 + 2*t**2 - 25*t + 24. What is g(1)?
-143
Let p(n) = 277*n + 6471. What is p(-23)?
100
Let u(w) = -219*w - 1576. What is u(-3)?
-919
Let k(z) = -z**3 - 6*z**2 + 142173*z + 568730. Give k(-4).
6
Let u(g) = g**3 - 60*g**2 + 11*g - 7753. Give u(62).
617
Let o(w) = 4*w**2 + 35*w. What is o(-3)?
-69
Let a(o) = -169*o + 17763. Determine a(104).
187
Let u(q) = -31580*q + 62990. What is u(2)?
-170
Let f(b) = -b**2 - 1909*b - 665545. What is f(-459)?
5
Let h(y) = 596*y + 23846. What is h(-40)?
6
Let s(c) = 127*c**3 - 15*c**2 + 21*c - 4. Determine s(1).
129
Let k(u) = -u**2 - 178*u - 7206. Give k(-120).
-246
Let b(y) = -88*y + 17714. Determine b(204).
-238
Let p(y) = -y**3 + 672*y**2 + 257988*y + 823. Give p(-273).
4
Let a(p) = -4*p**3 - 31*p**2 + 175*p + 269. What is a(-11)?
-83
Let c(j) = 613*j**3 + 4290*j**2 + 4*j + 57. Calculate c(-7).
-20
Let b(k) = 72*k**2 + 51578*k - 32981. Give b(-717).
1
Let a(d) = -65*d**3 - 84763*d**2 - 3929*d - 22168. Calculate a(-1304).
0
Let z(v) = -332*v**2 - 478043*v + 53278. Give z(-1440).
-2
Let k(t) = -49642*t + 148912. Give k(3).
-14
Let h(y) = -152597*y + 305176. Determine h(2).
-18
Let k(f) = 77*f + 829. Determine k(-10).
59
Let x(f) = 156*f**2 + 12637*f + 82. Give x(-81).
1
Let v(c) = -c**3 - 580*c**2 - 2793*c - 281664. What is v(-576)?
0
Let c(u) = -22*u**2 - 873*u + 6034. Give c(6).
4
Let x(h) = -133*h**2 - 384*h - 252. What is x(-1)?
-1
Let u(j) = -501*j**2 - 59128*j - 1168. Give u(-118).
12
Let r(y) = 1644*y**2 - 2514*y + 1. What is r(2)?
1549
Let s(b) = -5319*b - 42556. Determine s(-8).
-4
Let o(k) = -48659*k + 291967. Determine o(6).
13
Let m(h) = 3*h**3 - 242*h**2 + 165*h + 12. Calculate m(80).
412
Let d(l) = 3*l**3 + 105*l**2 + 81*l + 148. What is d(-35)?
-2687
Let s(z) = -6*z**2 - 1931*z + 642. Give s(-322).
320
Let z(h) = -3*h**2 - 283*h - 768. Give z(-3).
54
Let z(o) = -122*o**3 - 13*o**2 + 7*o + 19. Calculate z(-1).
121
Let r(s) = -2*s**3 + 18*s**2 - 3251*s + 19294. Give r(6).
4
Let f(n) = -39*n**2 - 1642*n - 134. Give f(-42).
34
Let b(a) = -a - 279. Give b(2).
-281
Let q(a) = -a**3 - 104*a**2 - 324*a + 7612. Calculate q(-100).
12
Let j(a) = a**2 + 10272*a + 602510. Determine j(-59).
-57
Let f(q) = -62682*q + 4074347. Calculate f(65).
17
Let q(k) = 9*k**3 - 468*k**2 + 4060*k - 37. Give q(41).
4
Let d(r) = -28*r**2 + r + 119. Give d(-10).
-2691
Let s(z) = 2*z**2 + 2582*z + 12943. Determine s(-5).
83
Let q(x) = 17*x - 2394. What is q(160)?
326
Let s(a) = -a**3 - 1239*a**2 + 7465*a + 19. What is s(6)?
-11
Let a(l) = 172*l**2 + 205*l - 284. What is a(-2)?
-6
Let j(d) = -2*d**2 - 577506*d + 3465111. What is j(6)?
3
Let d(y) = 1213073*y + 19409167. What is d(-16)?
-1
Let g(l) = 711*l + 1615. Determine g(-2).
193
Let q(r) = 5108*r - 592532. Determine q(116).
-4
Let a(t) = -16*t**2 - 4311*t - 1221. Determine a(-269).
662
Let f(t) = 11*t**3 + 606*t**2 - 46*t - 5258. Give f(-55).
297
Let i(r) = -17*r**2 - 1431*r - 23330. What is i(-62)?
44
Let b(n) = -736*n + 103. Give b(0).
103
Let o(k) = -2*k**3 - 324*k**2 - 520*k + 19145. Determine o(-160).
-55
Let m(r) = -579*r + 115079. Calculate m(199).
-142
Let r(o) = -o**3 + 61*o**2 + 18*o + 232. Calculate r(61).
1330
Let n(f) = -10411*f - 51619. Calculate n(-5).
436
Let y(r) = -2*r**2 + 569*r + 5815. Give y(-10).
-75
Let r(v) = -610*v**2 - 14035*v - 94. Give r(-23).
21
Let b(u) = -25*u**3 + 126*u**2 + 275*u - 1368. What is b(5)?
32
Let y(m) = 2690*m + 239283. Calculate y(-89).
-127
Let p(v) = -1859*v - 22301. Give p(-12).
7
Let u(i) = 15*i**2 + 486*i - 5415. What is u(11)?
1746
Let s(r) = 8207*r - 2363567. Determine s(288).
49
Let w(m) = -6362*m - 16631. Calculate w(-3).
2455
Let l(y) = 2*y**3 + 8*y**2 + 618*y + 3851. Calculate l(-6).
-1
Let n(x) = 4*x**2 + 39*x - 931. Give n(15).
554
Let j(z) = 9*z**3 - 19*z**2 + 10*z - 316. Determine j(4).
-4
Let j(c) = -3*c**3 + 164*c**2 - 1525*c - 144. What is j(12)?
-12
Let s(k) = -2*k**3 + 218*k**2 - 1330*k + 9695. Give s(103).
13
Let u(c) = 86*c**2 - 1688*c - 8451. Calculate u(-5).
2139
Let z(v) = 2*v**3 + 57*v**2 + 402*v. Calculate z(-14).
56
Let g(x) = -2*x**3 + 809*x**2 - 448*x + 17877. Calculate g(404).
101
Let y(l) = -5*l**3 + 90*l**2 + 20*l - 335. What is y(18)?
25
Let k(g) = 38453*g + 68023355. Calculate k(-1769).
-2
Let z(a) = a**3 + 5*a**2 + 53*a + 507. Determine z(-10).
-523
Let n(w) = -w**3 + 18*w**2 + 122*w + 845. Calculate n(-9).
1934
Let g(i) = -16416*i - 16404. What is g(-1)?
12
Let a(b) = -3*b**3 - 5*b**2 - 58*b - 93. Calculate a(-5).
447
Let o(z) = 43*z**2 - 102*z + 413. Determine o(4).
693
Let w(q) = -9060*q + 3470131. Determine w(383).
151
Let b(w) = w**2 - 1387*w - 884469. What is b(-475)?
-19
Let o(n) = -n**3 + 86*n**2 + 583*n + 29. Give o(-7).
505
Let u(v) = 41*v**3 + 2*v**2 - 200*v + 600. What is u(3)?
1125
Let l(h) = -11047*h - 32746. Give l(-3).
395
Let w(n) = 5364*n - 21429. What is w(4)?
27
Let b(c) = 3*c**3 - 43*c**2 + 156*c - 867. What is b(12)?
-3
Let u(t) = 11*t**2 + 456*t - 1058. Calculate u(-44).
174
Let p(n) = 18*n**3 + 1163*n**2 + 703*n - 204. Calculate p(-64).
-140
Let i(u) = -u**3 - 10*u**2 - 6*u - 744. What is i(-14)?
124
Let o(y) = y**2 - 20*y + 35. Calculate o(-9).
296
Let d(g) = -32424*g + 3404581. Determine d(105).
61
Let f(q) = q**3 - 555*q**2 - 165581*q + 23864. What is f(770)?
-6
Let n(f) = -67*f**3 + 605*f**2 - 253*f + 2121. Determine n(9).
6
Let u(h) = 4*h**3 - 19*h**2 - 247*h + 1202. Calculate u(5).
-8
Let b(c) = -131*c**2 + 790*c - 162. Determine b(6).
-138
Let m(j) = -5*j**3 + 145*j**2 - 1011*j + 11. Calculate m(10).
-599
Let l(q) = q**3 - 1184*q**2 - 50194*q - 37969. Calculate l(1225).
6
Let m(k) = -5*k**2 + 24494*k - 122465. Determine m(5).
-120
Let b(m) = 2132*m + 6645. Calculate b(-3).
249
Let o(j) = 2*j**3 - 72*j**2 + 517*j - 484. Determine o(26).
-562
Let l(i) = i**3 + 191*i**2 - 7923*i - 1484328. Determine l(-192).
24
Let n(d) = 5*d**2 - 132*d + 29. What is n(8)?
-707
Let x(y) = 16*y**2 - 3337*y - 27703. Give x(-8).
17
Let q(f) = f**2 + 2896*f - 37809. What is q(13)?
8
Let q(b) = 2*b**2 + 17*b - 593. Calculate q(26).
1201
Let r(j) = 10656*j + 181212. Calculate r(-17).
60
Let n(m) = -m**3 - 589*m**2 + 1331*m + 88059. Give n(-591).
0
Let n(c) = -4*c**3 - 519*c**2 + 132*c - 61. Give n(-130).
-321
Let l(w) = -w**3 + 111*w**2 - 3397*w + 31653. What is l(21)?
6
Let l(w) = w**2 + 1862*w + 147642. Determine l(-83).
-15
Let m(j) = 246*j**2 - 498*j + 9. Give m(2).
-3
Let s(t) = -32*t**2 + 8137*t - 2316. Calculate s(254).
-30
Let i(l) = 2*l**2 + 5506*l - 55251. Determine i(10).
9
Let p(s) = 2*s**2 - 211*s + 2561. What is p(12)?
317
Let w(x) = -43*x**2 + 26*x + 147. Determine w(-4).
-645
Let u(j) = -2861*j - 25929. Give u(-9).
-180
Let h(p) = -6555*p - 45902. Determine h(-7).
-17
Let b(d) = 984*d + 24655. Determine b(-25).
55
Let u(t) = 1493*t + 170214. Give u(-114).
12
Let t(u) = -379*u - 2193. Determine t(-6).
81
Let w(x) = 2*x**3 - 10*x**2 + 76*x - 377. Calculate w(5).
3
Let w(c) = -3*c**3 + 445*c**2 + 293*c + 93. Determine w(149).
-652
Let t(m) = -1342*m + 5151. Calculate t(4).
-217
Let p(f) = -f**3 - 500*f**2 - 226*f - 113083. Determine p(-500).
-83
Let m(c) = 14*c**2 - 1598*c - 2846. What is m(116)?
170
Let y(o) = 4142*o - 385237. Determine y(93).
-31
Let y(p) = 2*p**3 - 694*p**2 + 727*p - 12121. Calculate y(346).
-11
Let a(n) = -n**3 + 39*n**2 + 803*n + 2904. Give a(-5).
-11
Let h(i) = -9596*i + 220798. Determine h(23).
90
Let b(f) = f**3 + 576*f**2 - 5253*f - 102. What is b(9)?
6
Let z(f) = -5866*f - 539650. What is z(-92)?
22
Let u(l) = -l**3 + 324*l**2 - 14797*l + 525. Calculate u(269).
-13
Let k(a) = 1519*a + 475255. Determine k(-313).
-192
Let a(t) = 3*t**2 - 476*t + 2334. What is a(153)?
-267
Let z(x) = 37078*x - 370787. What is z(10)?
-7
Let i(m) = m**3 + 21*m**2 + 179*m + 195. Calculate i(-13).
-780
Let f(x) = x**3 + 140*x**2 - 2*x + 149. Determine f(-140).
429
Let x(s) = 7848*s - 478729. Give x(61).
-1
Let j(p) = 114*p**2 - 3060*p + 15611. Give j(20).
11
Let a(d) = 2*d**3 + 23*d**2 + 20*d - 322. What is a(-8)?
-34
Let t(p) = p**2 - 313861*p + 1255462. Calculate t(4).
34
Let y(c) = 299*c**3 - 2*c**2 + 11*c + 1.